of 140 and 2940644.
28
Calculate the highest common factor of 181005 and 11220.
165
Calculate the highest common factor of 40 and 108.
4
What is the greatest common divisor of 1928 and 512?
8
Calculate the highest common factor of 95 and 557.
1
What is the greatest common factor of 342151 and 327?
109
Calculate the greatest common factor of 97 and 61.
1
Calculate the greatest common divisor of 945280 and 1280.
640
What is the highest common divisor of 14 and 919758?
14
Calculate the highest common factor of 10175 and 3025.
275
Calculate the highest common factor of 2267 and 19373782.
2267
Calculate the greatest common divisor of 680 and 4024.
8
Calculate the highest common divisor of 4960 and 13919.
31
What is the highest common factor of 194 and 3215?
1
Calculate the highest common divisor of 1552 and 416.
16
What is the highest common factor of 126 and 45027?
9
Calculate the greatest common divisor of 1467 and 243.
9
What is the greatest common divisor of 60 and 66620?
20
Calculate the greatest common factor of 217050 and 375.
75
Calculate the highest common factor of 43256 and 1264.
8
Calculate the highest common factor of 49929 and 66.
33
Calculate the highest common factor of 156 and 624.
156
Calculate the highest common factor of 4389 and 8400.
21
What is the highest common divisor of 89186 and 38?
38
What is the highest common divisor of 606 and 6796593?
303
What is the greatest common factor of 7087 and 15143?
19
Calculate the highest common factor of 10 and 1337590.
10
What is the highest common factor of 228219 and 254?
127
What is the greatest common factor of 32 and 35?
1
What is the greatest common divisor of 131 and 22139?
131
Calculate the greatest common divisor of 661976 and 238.
14
What is the highest common divisor of 1617 and 609?
21
Calculate the greatest common factor of 45 and 2643315.
15
Calculate the highest common divisor of 182487 and 354.
177
Calculate the highest common divisor of 18816 and 32340.
588
Calculate the greatest common factor of 5285 and 490.
35
What is the highest common divisor of 50 and 786850?
50
What is the highest common factor of 158 and 78?
2
Calculate the greatest common factor of 57121 and 956.
239
Calculate the highest common divisor of 2030 and 4340.
70
Calculate the greatest common divisor of 3458 and 7958587.
1729
Calculate the greatest common divisor of 260 and 2560.
20
Calculate the greatest common factor of 756 and 21420.
252
What is the greatest common divisor of 1708 and 308?
28
Calculate the highest common factor of 2701 and 1022.
73
Calculate the greatest common factor of 103 and 241226.
103
Calculate the greatest common factor of 8 and 237784.
8
Calculate the greatest common divisor of 549180 and 1080.
540
Calculate the greatest common divisor of 208 and 628758.
26
What is the highest common factor of 106 and 566?
2
What is the greatest common factor of 10095 and 1410?
15
Calculate the greatest common divisor of 61353 and 1413.
9
Calculate the greatest common divisor of 572475 and 2550.
1275
Calculate the greatest common divisor of 2156 and 96173.
77
Calculate the highest common divisor of 117 and 87867.
117
Calculate the greatest common divisor of 5984 and 9808.
16
Calculate the greatest common factor of 25802 and 3104.
194
What is the highest common divisor of 160 and 42112?
32
Calculate the greatest common divisor of 130 and 74633.
13
What is the highest common divisor of 2552 and 634172?
1276
Calculate the greatest common factor of 1581 and 52266.
93
What is the greatest common factor of 402 and 596?
2
Calculate the highest common factor of 55183 and 84164.
397
Calculate the greatest common divisor of 276 and 10932.
12
Calculate the greatest common divisor of 190596 and 21.
21
What is the highest common factor of 31348 and 272?
68
Calculate the highest common divisor of 36018 and 4176.
522
Calculate the greatest common factor of 176652 and 13356.
252
What is the highest common divisor of 16572 and 804?
12
Calculate the greatest common factor of 1058884 and 808.
404
Calculate the greatest common divisor of 432 and 83853.
9
What is the greatest common factor of 734787 and 171?
171
What is the highest common divisor of 4653 and 527857?
517
Calculate the highest common factor of 5 and 68395.
5
Calculate the highest common divisor of 221 and 24803.
17
What is the highest common divisor of 176762 and 403?
31
What is the greatest common divisor of 432280 and 16?
8
What is the greatest common factor of 8925 and 129115?
595
Calculate the highest common divisor of 4112 and 64.
16
Calculate the greatest common factor of 621673 and 51119.
1649
Calculate the greatest common divisor of 45588 and 348.
348
Calculate the greatest common divisor of 611920 and 50.
10
Calculate the highest common divisor of 5806 and 2.
2
What is the highest common factor of 1875 and 60285?
15
What is the greatest common factor of 594 and 188694?
198
What is the greatest common divisor of 7218 and 774?
18
Calculate the greatest common divisor of 44575 and 50.
25
Calculate the greatest common factor of 1075 and 476655.
215
Calculate the greatest common factor of 2444 and 7748.
52
Calculate the greatest common factor of 285185 and 5.
5
Calculate the greatest common factor of 140 and 6860.
140
What is the greatest common divisor of 28 and 7432?
4
What is the highest common factor of 615591 and 63?
9
What is the highest common divisor of 6 and 155886?
6
What is the greatest common divisor of 373796 and 22287?
391
What is the highest common factor of 68 and 1649?
17
What is the highest common factor of 1183 and 131820?
169
Calculate the highest common factor of 80050 and 460.
10
What is the greatest common factor of 3975127 and 13?
13
What is the greatest common factor of 387 and 468?
9
What is the highest common divisor of 4573856 and 32?
32
What is the highest common factor of 333 and 177?
3
What is the greatest common divisor of 465318 and 945?
189
What is the highest common divisor of 1004693 and 7355?
1471
Calculate the greatest common divisor of 1517 and 5945.
41
What is the highest common divisor of 4662 and 1045620?
666
Calculate the greatest common factor of 62000 and 40610.
310
Calculate the highest common factor of 122 and 62769.
61
What is the greatest common divisor of 89207 and 148?
37
Calculate the greatest common factor of 49119 and 21.
21
What is the greatest common divisor of 144960 and 188160?
960
Calculate the highest common factor of 3939797 and 466.
233
Calculate the greatest common divisor of 119535 and 10920.
195
What is the highest common divisor of 32 and 3489728?
32
Calculate the highest common factor of 16443 and 1050.
21
Calculate the highest common factor of 260 and 170092.
52
Calculate the highest common factor of 99673 and 812.
203
Calculate the greatest common divisor of 128050 and 4550.
650
What is the greatest common divisor of 47822 and 2?
2
What is the highest common factor of 54 and 53016?
6
What is the greatest common factor of 234 and 10170?
18
What is the greatest common factor of 2875 and 805?
115
Calculate the highest common divisor of 25042 and 171.
19
What is the highest common factor of 62 and 22382?
62
What is the highest common divisor of 138 and 13294?
46
Calculate the greatest common factor of 116 and 316854.
58
What is the highest common factor of 22652 and 336?
28
What is the highest common divisor of 116746 and 1581?
31
What is the greatest common factor of 44991 and 9?
9
Calculate the highest common divisor of 40 and 161960.
40
What is the highest common factor of 336 and 1046892?
84
Calculate the greatest common factor of 23475 and 105.
15
What is the highest common factor of 290 and 170?
10
What is the highest common factor of 116413 and 143?
11
What is the highest common divisor of 1231770 and 304?
38
What is the highest common divisor of 286000 and 1196?
52
What is the highest common factor of 66 and 723?
3
What is the greatest common factor of 12275 and 491?
491
What is the greatest common factor of 120 and 444120?
120
Calculate the greatest common factor of 564 and 14523.
141
Calculate the highest common divisor of 66612 and 28914.
366
What is the highest common divisor of 1504 and 409464?
376
Calculate the greatest common factor of 2542 and 124868.
62
Cal